y?
5
Suppose 3*u + 5*h = 2*h + 321, 2*u - 4*h = 220. What is the units digit of u?
8
Let z(v) = -3*v + 4. Let l be z(0). Suppose 3*r = -4*g + 196, -l*r + 2*g + 303 - 27 = 0. What is the tens digit of r?
6
Let x be ((-54)/12)/(3/12 + -1). Suppose 7*s - 118 = x*s. What is the units digit of s?
8
Let m = -46 - -6. Let p = m - -105. What is the tens digit of p?
6
Let r(d) = -d**2 - 24*d - 38. Let c(u) = 9*u + 27. Let z be c(-4). What is the tens digit of r(z)?
9
Let k be ((-36)/42)/(-2*(-6)/(-56)). Suppose 0*h + k*u + 12 = -h, 2*h = -u + 11. What is the units digit of h?
8
Suppose 25*z - 6400 = 1025. What is the units digit of z?
7
Suppose 78*v = 56*v + 48488. What is the thousands digit of v?
2
Suppose 0 = -5*b + 3*b. Let f = b - 0. Let p(d) = -d**3 - d**2 + 11. What is the tens digit of p(f)?
1
Let f = 7 + -4. Suppose -f*n + 15 = -3*t, -t + 5*t = 8. What is the units digit of n?
7
Let n(v) = -v**2 + 15*v + 19. Let l = -2 + 16. Let s be n(l). Suppose -s = -5*q + 12. What is the units digit of q?
9
Let n(u) be the first derivative of u**2 + 62*u + 10. What is the units digit of n(0)?
2
Suppose 4*g + 3*a + 0*a + 2910 = 0, 0 = -2*g - 5*a - 1448. Let c be 6/(-22) + 17954/(-517). What is the tens digit of g/(-21) - 10/c?
3
Let o(y) be the first derivative of -y**3/3 + 3*y**2/2 + 19*y - 35. What is the units digit of o(5)?
9
Let q(r) = r**3 - 12*r**2 + 5*r + 15. Let y be q(9). What is the units digit of (0 - 1)/(3/y)?
1
Let x(b) = 53*b**2 + 1. Let d be -3 - ((-6)/(-3) - 1). Let q be -1*((d - -3) + 0). What is the tens digit of x(q)?
5
Suppose -6*g + 5*g + 338 = 4*b, 3*b = 6*g - 1947. What is the tens digit of g?
2
Let q = -14 + 15. Suppose z + 43 = -w - z, -z = q. Let g = -20 - w. What is the units digit of g?
1
Let k = -29 - -72. Suppose -28 - 122 = -5*d. Let w = k - d. What is the tens digit of w?
1
Let f(u) = -u**2 - 4*u. Let x be f(-3). Suppose -w + x*w = 0. Suppose w = -4*m + m + 33. What is the tens digit of m?
1
Suppose 5*z + 2022 = 7*z + 3*j, 3*z + 3*j - 3039 = 0. What is the tens digit of z?
1
Let j(w) be the first derivative of w**4/4 - 4*w**3/3 + 5*w**2/2 - 4*w - 1. Let b(g) = -g**2 + 4*g - 1. Let r be b(2). What is the units digit of j(r)?
2
Let l(k) = k**2 - 8*k - 3. Let p be l(8). What is the tens digit of (-8)/(p/(-6) + -1)?
1
Let z = 5 + -10. Let s(x) be the third derivative of -5*x**4/24 - x**3/2 - 3*x**2. What is the units digit of s(z)?
2
Let k be -1 + 405 - (7 + -5). Suppose 0 = -2*o + 4*j + k, -4 = -4*j - 12. What is the hundreds digit of o?
1
Let w(u) = 38*u**2 - 18*u + 14. What is the tens digit of w(-6)?
9
What is the thousands digit of ((-34636)/(-21))/((-24)/(-18))?
1
Let d(s) = s**2 + 17*s. Let r be d(-21). Let b = 255 - r. What is the tens digit of b?
7
Suppose 234 = 2*k + y + 2*y, -4*y + 351 = 3*k. What is the units digit of k?
7
Let b = 1015 + -712. Suppose -27 - b = -3*h. What is the units digit of h?
0
Suppose -4*w - 5*b = -16, 0 = -3*w - 5*b - 0 + 7. Let r(g) = 2*g**2 - 11*g - 6. Let h be r(w). Let z = h - 29. What is the tens digit of z?
2
Let z = 65 + -63. Suppose 0 = -z*y + 9*y - 623. What is the units digit of y?
9
Let d(i) = -i**3 - 11*i**2 + 13*i + 14. Let v be d(-12). Suppose 7*s - 265 = v*s. What is the tens digit of s?
5
Let o(r) = -159*r**2 + 3 - 3 + 158*r**2 - 23*r. What is the units digit of o(-11)?
2
Suppose 6*l - 189 = 3*l. Suppose 14 = -62*b + 64*b. Suppose b*w - l = 6*w. What is the units digit of w?
3
Suppose 0 = -3*g + 2*m + 7, m + 11 = 2*g + 2*g. Suppose -499 = -q - g*q + x, -x + 126 = q. What is the tens digit of q?
2
Let x = 1 + -1. Suppose 7*t - 490 - 651 = x. What is the units digit of t?
3
Suppose -12*h + 8*h = 364. Let p be (-1 - 0)/(7/h). Suppose -5 - p = -2*i. What is the units digit of i?
9
Suppose 2*l = -2*h - 4716, h = -2*l + 7*l + 11790. What is the tens digit of (-6)/2*l/54?
3
Let a(g) = 21*g**2 + 58*g + 5. Let w(t) = -10*t**2 - 29*t - 2. Let i(p) = -6*a(p) - 13*w(p). What is the units digit of i(5)?
1
What is the units digit of (2243 - -15)/(1 - -1)?
9
Suppose 5*d - 2*o - 566 = 0, 3*o - 2*o + 115 = d. Suppose 5*w + 115 = 5*r, -5*r + 5*w + d = 3*w. Suppose 0*g = -2*g + r. What is the tens digit of g?
1
Let m be (-33)/22*1/(3/(-8)). Suppose 5*s = 4*s + m*k + 221, -3*k + 453 = 2*s. What is the hundreds digit of s?
2
What is the hundreds digit of (-8)/52 + 7030/65?
1
What is the hundreds digit of (-51)/306 - (-4243)/6?
7
Suppose -4*f = 3*g - 9, 4*g = f + f + 12. Suppose 3*i - 2*s + g = 0, 4*i - 5*s + 4 = -0. What is the units digit of (3 - 4)/(i + 0)?
1
Let a(c) = 8 + 5*c**2 + c**2 + 5*c**2 - 2 + 8*c. What is the tens digit of a(-2)?
3
Let f be -2 + 1 + -3 + 6. Suppose 16 = -f*q + 2. Let m(l) = l**2 - 3. What is the units digit of m(q)?
6
Let g be 2/(-8) - (6/(-2))/12. Suppose g = i + 6*i - 2093. What is the hundreds digit of i?
2
Let a be 7 + (-25)/5 + (-1)/1. What is the hundreds digit of 2/(-1) - (-229 + -3 + a)?
2
Let k = 155 - 89. Suppose y - k = -y. What is the units digit of y?
3
Let d(w) = 6*w**2 + 19*w + 11. What is the units digit of d(7)?
8
Let s = 1127 + -154. What is the hundreds digit of s?
9
Suppose -501*v + 505*v - 5*z = 9388, -11748 = -5*v + 3*z. What is the units digit of v?
2
Suppose 25 = r - 25. Let a = 100 - r. What is the tens digit of a?
5
Suppose 0 = 3*h - 0*h + 12, 0 = -a + 2*h + 10. Let s be (-5 - 4)*a/(-2). Suppose -v = -8 - s. What is the units digit of v?
7
Let f(w) be the third derivative of 47*w**4/24 - w**3/6 - w**2. Let b(a) = 47*a - 2. Let x(j) = -3*b(j) + 4*f(j). What is the tens digit of x(1)?
4
Let k = 810 - 475. What is the tens digit of k?
3
Let f(r) be the second derivative of -13*r**5/20 + r**3/6 + r**2/2 + 3*r + 21. Suppose 3*z + 16 - 1 = 4*o, -3*o = -z - 10. What is the tens digit of f(z)?
1
Suppose 4*x = -5*g + g + 12, 3*x - 7 = -4*g. What is the tens digit of 162 + (x/3)/(5/6)?
6
Let a(s) = 2*s**2 - 13*s - 5. Suppose -5*w = -2*c - 19, 0 = 4*c - 5*w + 13. Suppose -c*t + 20 = -1. What is the units digit of a(t)?
2
Suppose 13*p - 10 = 8*p. Suppose -p*t - 5*o + 126 = 0, -4*t + 280 = 2*o + 12. What is the tens digit of t?
6
Let a(q) = 221*q**2 + 65*q + 264. What is the thousands digit of a(-4)?
3
Let v(x) be the first derivative of -x**3/3 - 7*x**2 + x - 5. What is the tens digit of v(-6)?
4
Let q = -1 + -5. Let z be (q/(-8))/(9/60). Suppose z*r = -5*f + 215, -r + 44 = 4*f + 1. What is the tens digit of r?
4
Let s be (-2)/(4/32*4) - -7. Suppose -s*c = 2*c - 555. What is the units digit of c?
1
Suppose -29 = -t - 3*q, -8 - 18 = -t - 2*q. Suppose 23*y = t*y + 258. What is the tens digit of y?
8
Let n = 23 + -8. Let m = -3 + n. What is the units digit of m?
2
Let z(q) = 30*q - 2. Let w be z(-6). Let u = w - -264. What is the tens digit of u?
8
Let s be -1*10/3*3. What is the units digit of s/60 + (-2 - 1850/(-12))?
2
Suppose -7*r = -133 + 21. What is the units digit of r?
6
Let i(q) = q**3 + 23*q**2 - 50*q + 25. What is the units digit of i(-24)?
9
Suppose -2*x = 3*k - 4136 - 10388, 3*x + 4834 = k. What is the units digit of k?
0
Let k(t) = t**3 - 6*t**2 + t - 4. Let a be k(6). Let z be 4*-1*(a + -3). Suppose g = -3*h + 5, 3*h - 50 = -z*g + h. What is the units digit of g?
4
Suppose -6 = i + i, 2*t = i + 7. Let k(x) = x**3 - x - 2. Let o be k(t). Suppose 3*s - 5*f + o*f = 30, 3*f - 31 = -2*s. What is the tens digit of s?
1
Suppose 0 = -6*a + a + 20. Suppose a*j = j + 219. What is the tens digit of j?
7
Suppose -4*q = q - 95. Let p(t) = 6*t**3 - 3*t**2 + 2. Let n be p(2). Let k = n - q. What is the units digit of k?
9
Let z(x) = 55*x**3 - 4*x**2 - 9*x + 18. What is the hundreds digit of z(4)?
4
Let x(z) = -50*z**3 + 3*z**2 + 2*z + 1. What is the units digit of x(-1)?
2
Suppose 36*s - 12546 = 19*s. What is the units digit of s?
8
Let c be 60/14 - 4/14. Let l = c - 4. Suppose -d - d + 42 = l. What is the tens digit of d?
2
Let g = 301 + 420. What is the hundreds digit of g?
7
Let l be 2/(-3) - 130*15/18. Let x = 10 - l. What is the hundreds digit of x?
1
Suppose -53*f = -54*f + 198. What is the units digit of f?
8
Suppose -c = w - 4318, -w + 3*c = -2*w + 4328. What is the thousands digit of w?
4
Let h(c) = 354*c + 20. What is the hundreds digit of h(2)?
7
Let d(v) be the second derivative of v**4/6 + v**3/2 + 53*v**2/2 - 29*v. What is the hundreds digit